00 (base 6) to base 8
-44
92 (base 13) to base 16
77
What is -121 (base 3) in base 6?
-24
What is 5 (base 13) in base 12?
5
3 (base 14) to base 12
3
-8 (base 9) to base 11
-8
What is -110100 (base 2) in base 6?
-124
-101 (base 3) to base 16
-a
What is -7 (base 15) in base 8?
-7
What is 67 (base 11) in base 9?
81
-3 (base 14) to base 12
-3
Convert -7 (base 9) to base 2.
-111
What is 3 (base 16) in base 10?
3
Convert -11 (base 2) to base 13.
-3
What is 211 (base 4) in base 15?
27
What is 63 (base 13) in base 9?
100
Convert 130 (base 12) to base 15.
c0
Convert 28 (base 15) to base 10.
38
Convert 1 (base 4) to base 6.
1
-400 (base 5) to base 11
-91
1221 (base 4) to base 16
69
What is -114 (base 5) in base 11?
-31
-1221 (base 3) to base 14
-3a
-10100110 (base 2) to base 8
-246
What is -112 (base 6) in base 3?
-1122
-255 (base 7) to base 15
-93
What is 8 (base 11) in base 14?
8
-74 (base 12) to base 8
-130
Convert -1 (base 12) to base 9.
-1
Convert 34 (base 16) to base 13.
40
Convert 3 (base 6) to base 9.
3
What is -20 (base 4) in base 7?
-11
-3 (base 6) to base 14
-3
Convert -44 (base 16) to base 14.
-4c
Convert -314 (base 6) to base 14.
-86
57 (base 9) to base 5
202
Convert 1 (base 7) to base 16.
1
-311 (base 5) to base 9
-100
-3 (base 7) to base 11
-3
Convert -2032 (base 4) to base 7.
-262
What is 1200 (base 3) in base 10?
45
0 (base 13) to base 12
0
Convert -52 (base 6) to base 12.
-28
What is c (base 16) in base 8?
14
Convert 33 (base 4) to base 15.
10
40 (base 9) to base 15
26
What is -45 (base 13) in base 8?
-71
What is 14 (base 16) in base 13?
17
Convert -10 (base 15) to base 4.
-33
Convert -300 (base 5) to base 4.
-1023
-1 (base 16) to base 9
-1
What is 10 (base 7) in base 8?
7
Convert 5 (base 8) to base 7.
5
What is 2 (base 6) in base 13?
2
-1 (base 16) to base 5
-1
What is -80 (base 10) in base 2?
-1010000
-10101 (base 2) to base 3
-210
Convert 4 (base 16) to base 11.
4
What is 9 (base 15) in base 7?
12
343 (base 9) to base 7
552
Convert -4 (base 14) to base 13.
-4
What is -2 (base 16) in base 10?
-2
15 (base 8) to base 7
16
Convert 2 (base 13) to base 9.
2
-233 (base 4) to base 8
-57
Convert 100 (base 5) to base 13.
1c
What is 221 (base 6) in base 2?
1010101
What is -1 (base 8) in base 15?
-1
5b (base 15) to base 5
321
What is -4 (base 15) in base 5?
-4
Convert 107 (base 9) to base 10.
88
What is -14 (base 7) in base 4?
-23
Convert 2 (base 5) to base 4.
2
What is -10 (base 4) in base 13?
-4
-50 (base 8) to base 14
-2c
What is 135 (base 10) in base 13?
a5
What is -1421 (base 5) in base 8?
-354
Convert 3 (base 5) to base 14.
3
Convert -2 (base 6) to base 9.
-2
-22 (base 3) to base 15
-8
What is 101101110 (base 2) in base 14?
1c2
-1 (base 10) to base 3
-1
What is 32 (base 6) in base 7?
26
-5 (base 8) to base 10
-5
Convert -42 (base 7) to base 3.
-1010
37 (base 11) to base 4
220
-2a (base 15) to base 7
-55
Convert -1a (base 14) to base 16.
-18
What is -1201 (base 4) in base 13?
-76
Convert 98 (base 10) to base 6.
242
-87 (base 9) to base 12
-67
8 (base 15) to base 8
10
Convert -54 (base 6) to base 12.
-2a
What is 242 (base 7) in base 10?
128
What is 223 (base 6) in base 16?
57
-2 (base 4) to base 6
-2
What is -2 (base 8) in base 14?
-2
9 (base 10) to base 9
10
Convert -10100101 (base 2) to base 9.
-203
-1c (base 14) to base 2
-11010
Convert -1 (base 9) to base 3.
-1
What is -427 (base 8) in base 12?
-1b3
4 (base 10) to base 12
4
-122 (base 8) to base 16
-52
What is -123 (base 9) in base 5?
-402
What is 0 (base 10) in base 15?
0
Convert -11a (base 14) to base 6.
-1004
Convert -1012 (base 5) to base 13.
-a2
Convert -140 (base 8) to base 6.
-240
-11 (base 4) to base 7
-5
-1 (base 10) to base 3
-1
10 (base 16) to base 2
10000
Convert 12120 (base 3) to base 7.
303
What is -171 (base 10) in base 2?
-10101011
Convert -2e (base 15) to base 13.
-35
3012 (base 4) to base 14
102
-1a (base 12) to base 4
-112
196 (base 10) to base 5
1241
-2 (base 8) to base 3
-2
-7 (base 15) to base 5
-12
What is f (base 16) in base 13?
12
52 (base 10) to base 13
40
-153 (base 11) to base 10
-179
0 (base 3) to base 15
0
-12 (base 4) to base 12
-6
Convert -11 (base 10) to base 6.
-15
-130 (base 9) to base 2
-1101100
-b (base 16) to base 6
-15
What is -5 (base 13) in base 16?
-5
-2 (base 7) to base 16
-2
-33 (base 6) to base 15
-16
What is 0 (base 14) in base 5?
0
What is -123 (base 8) in base 5?
-313
Convert -4 (base 9) to base 2.
-100
Convert 10 (base 4) to base 16.
4
-40 (base 10) to base 5
-130
What is 5 (base 11) in base 7?
5
What is 168 (base 9) in base 3?
12022
What is -2b (base 12) in base 13?
-29
What is 101 (base 2) in base 5?
10
-1 (base 4) to base 13
-1
Convert -48 (base 9) to base 13.
-35
What is -11 (base 3) in base 16?
-4
Convert -1c (base 16) to base 10.
-28
1020 (base 4) to base 11
66
172 (base 8) to base 12
a2
Convert -214 (base 9) to base 5.
-1200
Convert -6 (base 11) to base 10.
-6
Convert -1202 (base 4) to base 12.
-82
Convert -4 (base 16) to base 5.
-4
What is -5e (base 16) in base 15?
-64
Convert 3 (base 15) to base 10.
3
Convert -58 (base 13) to base 14.
-53
Convert 11 (base 6) to base 5.
12
9 (base 15) to base 10
9
What is -19 (base 13) in base 16?
-16
What is 4 (base 6) in base 14?
4
Convert -1 (base 12) to base 5.
-1
Convert -210 (base 8) to base 12.
-b4
Convert -1202 (base 4) to base 6.
-242
Convert -131 (base 4) to base 11.
-27
Convert -2 (base 3) to base 16.
-2
5 (base 15) to base 7
5
Convert -19 (base 10) to base 8.
-23
2 (base 13) to base 14
2
-22 (base 3) to base 10
-8
11 (base 9) to base 5
20
What is 27 (base 11) in base 14?
21
What is 233 (base 5) in base 8?
104
Convert 246 (base 13) to base 5.
3041
Convert -2 (base 16) to base 4.
-2
Convert 25 (base 14) to base 4.
201
-114 (base 5) to base 11
-31
What is -101 (base 3) in base 16?
-a
Convert -3 (base 15) to base 14.
-3
-11 (base 11) to base 9
-13
What is 10 (base 8) in base 11?
8
-2 (base 11) to base 8
-2
What is 8 (base 13) in base 16?
8
Convert 1210 (base 3) to base 2.
110000
What is -11 (base 7) in base 12?
-8
What is 41 (base 12) in base 11?
45
What is 1 (base 14) in base 3?
1
Convert -133 (base 5) to base 10.
-43
What is 2 (base 5) in base 13?
2
What is 155 (base 6) in base 12?
5b
What is -100 (base 3) in base 7?
-12
What is -6 (base 7) in base 16?
-6
Convert 17 (base 11) to base 8.
22
-28 (base 11) to base 15
-20
10 (base 3) to base 2
11
Convert 62 (base 8) to base 7.
101
10011 (base 3) to base 12
71
4 (base 13) to base 5
4
-12c (base 13) to base 2
-11001111
20202 (base 3) to base 6
502
Convert -21 (base 3) to base 10.
-7
Convert -2 (base 16) to base 11.
-2
What is -130 (base 6) in base 12?
-46
Convert -21 (base 5) to base 7.
-14
What is a0 (base 16) in base 3?
12221
Convert 3 (base 5) to base 6.
3
-12 (base 8) to base 4
-22
What is 13 (base 8) in base 9?
12
Convert -1123 (base 4) to base 14.
-67
What is c (base 13) in base 4?
30
-4 (base 6) to base 10
-4
-32 (base 16) to base 15
-35
71 (base 11) to base 4
1032
Convert 121 (base 3) to base 13.
13
Convert -102 (base 4) to base 11.
-17
Convert -120 (base 5) to base 12.
-2b
Convert -20022 (base 3) to base 13.
-101
110111 (base 2) to base 14
3d
What is 14 (base 7) in base 15?
b
Convert -17 (base 16) to base 15.
-18
-1 (base 6) to base 3
-1
What is -1 (base 5) in base 7?
-1
Convert 2013 (base 4) to base 16.
87
What is 14 (base 12) in base 7?
22
What is -1a (base 15) in base 16?
-19
-100 (base 2) to base 13
-4
-6 (base 10) to base 4
-12
What is -1 (base 10) in base 7?
-1
What is -2 (base 7) in base 3?
-2
What is 2 (base 9) in base 7?
2
14 (base 6) to base 5
20
Convert 27 (base 9) to base 6.
41
What is -122 (base 4) in base 10?
-26
Convert 20 (base 3) to base 14.
6
What is -1 (base 3) in base 13?
-1
Convert 2 (base 14) to base 11.
2
Convert -54 (base 8) to base 3.
-1122
What is -11 (base 15) in base 11?
-15
Convert -7 (base 8) to base 5.
-12
What is 100 (base 2) in base 9?
4
Convert -3 (base 10) to base 2.
-11
-a (base 16) to base 8
-12
-a (base 12) to base 10
-10
Convert -22 (base 9) to base 14.
-16
What is 2 (base 11) in base 10?
2
Convert 50 (base 16) to base 7.
143
What is 12 (base 13) in base 15?
10
Convert 1ac (base 13) to base 16.
137
10000100 (base 2) to base 4
2010
What is -1 (base 6) in base 16?
-1
Convert -3 (base 8) to bas